ulate the greatest common factor of 14 and 728231.
7
What is the highest common divisor of 950703 and 494?
247
What is the greatest common factor of 142305 and 212?
53
Calculate the highest common factor of 1230510 and 20.
10
What is the greatest common divisor of 4260 and 80?
20
What is the greatest common divisor of 13104 and 19968?
624
What is the highest common divisor of 98855 and 51?
17
Calculate the highest common divisor of 1749 and 227317.
53
Calculate the greatest common factor of 161064 and 1908.
36
Calculate the highest common factor of 525 and 23025.
75
What is the highest common divisor of 24698 and 2330?
466
What is the highest common divisor of 1856 and 1680?
16
Calculate the highest common factor of 70 and 1130.
10
What is the highest common divisor of 40970 and 306?
34
Calculate the highest common factor of 39583 and 207.
23
What is the greatest common factor of 212713 and 74?
37
Calculate the highest common factor of 5531751 and 9.
9
Calculate the highest common factor of 5235 and 144137.
349
What is the greatest common divisor of 12870 and 47853?
117
What is the greatest common factor of 55284 and 113007?
813
What is the highest common divisor of 453114 and 42?
6
What is the greatest common factor of 1320 and 123288?
264
What is the greatest common factor of 162 and 336312?
162
Calculate the highest common divisor of 10176 and 4293.
159
Calculate the greatest common factor of 658550 and 50.
50
What is the highest common factor of 494 and 194332?
38
What is the highest common factor of 156 and 180258?
78
What is the greatest common factor of 1 and 1951662?
1
What is the greatest common factor of 99 and 6479?
11
Calculate the highest common divisor of 260 and 2834.
26
Calculate the highest common factor of 34529 and 344.
43
What is the greatest common factor of 204926 and 474?
158
Calculate the highest common divisor of 558 and 324.
18
What is the highest common factor of 4752 and 772?
4
Calculate the highest common divisor of 232 and 5880.
8
Calculate the highest common divisor of 22 and 2805.
11
What is the greatest common factor of 2159 and 33014?
17
Calculate the greatest common divisor of 70 and 951370.
70
What is the greatest common divisor of 2840135 and 5?
5
Calculate the highest common factor of 1754864 and 1072.
1072
What is the highest common divisor of 10 and 99310?
10
Calculate the highest common divisor of 921876 and 408.
204
Calculate the greatest common divisor of 123785 and 190.
95
What is the highest common factor of 5226804 and 737?
737
Calculate the greatest common divisor of 753 and 6159.
3
What is the highest common factor of 15526 and 266?
14
What is the highest common divisor of 523703 and 194?
97
Calculate the highest common factor of 2604 and 24276.
84
Calculate the greatest common factor of 404653 and 113.
113
What is the highest common divisor of 2310 and 28182?
462
What is the greatest common factor of 54 and 2278179?
27
What is the greatest common factor of 970 and 1215798?
194
Calculate the highest common divisor of 390 and 249873.
39
Calculate the highest common divisor of 431 and 222827.
431
What is the highest common factor of 216 and 2844?
36
What is the highest common factor of 5290 and 590?
10
Calculate the highest common divisor of 5690 and 30.
10
Calculate the highest common factor of 1584 and 256014.
198
Calculate the highest common factor of 2470 and 186680.
130
What is the highest common factor of 22 and 173206?
22
Calculate the greatest common factor of 101370 and 17440.
1090
Calculate the greatest common divisor of 119 and 143837.
17
What is the greatest common factor of 277440 and 320?
320
What is the greatest common divisor of 52323 and 214?
107
What is the greatest common factor of 671869 and 2266?
1133
Calculate the greatest common factor of 19565 and 15470.
455
Calculate the greatest common divisor of 1260 and 870786.
126
Calculate the highest common divisor of 109104 and 624.
48
What is the highest common factor of 2993071 and 17?
17
What is the greatest common divisor of 176 and 5528?
8
What is the greatest common factor of 291047 and 59?
59
Calculate the greatest common factor of 1464 and 309392.
488
Calculate the greatest common factor of 55064 and 8.
8
What is the highest common factor of 2530 and 273746?
506
Calculate the greatest common divisor of 534 and 1108851.
267
What is the highest common factor of 24 and 10036?
4
What is the greatest common divisor of 2501 and 6929?
41
Calculate the highest common factor of 125 and 423375.
125
What is the highest common divisor of 1080 and 189?
27
Calculate the highest common factor of 327602 and 66.
22
What is the greatest common factor of 7895 and 185?
5
Calculate the greatest common divisor of 25181 and 1043.
149
What is the highest common factor of 125 and 10625?
125
What is the highest common factor of 150488 and 52?
52
Calculate the greatest common factor of 2290 and 2530.
10
What is the greatest common factor of 31860 and 5428?
236
Calculate the highest common factor of 7952 and 1568.
112
What is the greatest common divisor of 98 and 6958?
98
Calculate the greatest common divisor of 69328 and 70.
14
What is the highest common divisor of 2155748 and 56?
28
What is the greatest common factor of 1132 and 196?
4
Calculate the greatest common divisor of 1534144 and 8.
8
Calculate the greatest common factor of 1134 and 135918.
162
Calculate the greatest common divisor of 1170 and 136530.
90
Calculate the highest common divisor of 2528743 and 42.
7
What is the greatest common factor of 3636 and 27396?
36
Calculate the greatest common divisor of 136 and 159715.
17
Calculate the highest common divisor of 215 and 5877455.
215
What is the highest common divisor of 828838 and 747?
83
Calculate the greatest common divisor of 1387818 and 36.
18
Calculate the highest common factor of 26 and 120614.
26
What is the highest common divisor of 67965 and 13790?
985
Calculate the highest common divisor of 136370 and 1300.
130
Calculate the greatest common divisor of 13120 and 8815.
205
Calculate the greatest common factor of 4212 and 189783.
81
What is the highest common factor of 80453 and 86?
43
Calculate the greatest common divisor of 70 and 12845.
35
Calculate the greatest common factor of 170 and 131410.
170
Calculate the greatest common divisor of 38 and 32414.
38
What is the greatest common factor of 2116 and 3244?
4
Calculate the greatest common factor of 2 and 4694.
2
What is the highest common factor of 215948 and 8?
4
What is the highest common factor of 45859 and 758?
379
Calculate the highest common divisor of 230931 and 162.
81
What is the highest common factor of 31540 and 7220?
380
What is the highest common factor of 114686 and 286?
286
What is the highest common divisor of 599 and 1?
1
What is the greatest common factor of 7 and 1201263?
7
Calculate the greatest common divisor of 231 and 59213.
77
What is the greatest common divisor of 913869 and 54?
27
What is the greatest common divisor of 1540 and 6501880?
1540
What is the highest common divisor of 835 and 286572?
167
Calculate the highest common factor of 2096035 and 43.
43
What is the greatest common divisor of 432768 and 84?
84
Calculate the greatest common divisor of 6 and 60666.
6
What is the greatest common factor of 2368 and 384?
64
What is the greatest common factor of 5904 and 90?
18
Calculate the greatest common divisor of 1080 and 1321560.
360
What is the highest common factor of 21 and 840168?
21
What is the highest common factor of 114 and 15333?
57
What is the greatest common factor of 3542 and 13846?
322
Calculate the greatest common factor of 7296 and 130560.
384
Calculate the highest common factor of 11830 and 3232970.
1690
Calculate the highest common divisor of 3120 and 41448.
24
Calculate the greatest common factor of 527 and 9052.
31
Calculate the greatest common divisor of 16 and 1704.
8
What is the greatest common factor of 3 and 245109?
3
What is the greatest common factor of 31 and 163990?
31
What is the greatest common factor of 656992 and 560?
112
Calculate the highest common divisor of 77886 and 216.
18
Calculate the highest common divisor of 7164 and 108.
36
Calculate the highest common divisor of 22828 and 364.
52
Calculate the highest comm